Let r(p) = -21060*p - 716058. What is r(-34)?
-18
Let w(i) = -4579*i - 196894. Give w(-43).
3
Let l(y) = -46908*y - 6238759. Calculate l(-133).
5
Let a(b) = -2*b**3 - 1022*b**2 - 2036*b + 4. What is a(-2)?
4
Let n(z) = -8399*z + 781088. Calculate n(93).
-19
Let g(o) = 14838*o + 1750894. What is g(-118)?
10
Let w(v) = 1652*v - 938. What is w(1)?
714
Let k(t) = 19975*t - 1717851. Give k(86).
-1
Let w(h) = -3*h**3 - 224*h**2 - 144*h + 295. What is w(-74)?
-1
Let j(s) = 7*s**3 - 56*s**2 - 44*s + 33. Determine j(8).
-319
Let r(w) = 10216*w + 2114722. Calculate r(-207).
10
Let k(i) = -i**3 - 50*i**2 + 45172*i + 2385695. Determine k(-53).
6
Let n(r) = 13*r**2 - 1828*r + 770. What is n(140)?
-350
Let u(v) = -v**3 - 24*v**2 - 150*v - 2513. Give u(-22).
-181
Let z(g) = -g**3 - g**2 + 28391*g + 5. Give z(0).
5
Let g(x) = x**3 - 182*x**2 + 5250*x + 883. What is g(146)?
7
Let h(l) = -4113*l + 296005. Calculate h(72).
-131
Let s(i) = -i**3 + 189*i**2 - 739*i - 177. Determine s(185).
8
Let s(b) = -b**3 + 25*b**2 + 1966*b - 4560. Calculate s(-35).
130
Let g(m) = 3*m**2 + 127*m + 1300. Give g(-17).
8
Let k(h) = -3*h**3 - 1106*h**2 - 726*h + 2571. Calculate k(-368).
-1109
Let g(w) = 157*w + 2845. Determine g(-18).
19
Let c(p) = -p**3 + 227*p**2 + 3333*p + 9884. What is c(241)?
3
Let n(p) = 6*p**2 + 517*p + 1967. What is n(-4)?
-5
Let j(g) = 7*g**2 + 7252*g + 36098. What is j(-5)?
13
Let n(z) = -601773*z - 1203538. Give n(-2).
8
Let z(q) = -q**3 + 75*q**2 + 1591*q + 18442. Give z(94).
112
Let s(g) = -2056*g**2 - 43172*g + 21. Give s(-21).
-63
Let p(x) = -43*x - 1264. Give p(-9).
-877
Let h(x) = -618*x - 33185. Calculate h(-54).
187
Let x(h) = -4088*h + 445645. Give x(109).
53
Let i(t) = -554*t - 7251. Determine i(-13).
-49
Let j(h) = 16025*h - 705171. What is j(44)?
-71
Let y(x) = -3*x**3 - 3367*x**2 - 1092*x + 33561. Determine y(-1122).
-99
Let m(h) = -3*h**3 + 51*h**2 + 7*h + 113. Determine m(17).
232
Let t(u) = -7*u**2 - 3102*u - 3504. Give t(-442).
32
Let z(k) = -48*k**2 - 849*k - 35. What is z(-20)?
-2255
Let m(j) = 4*j**2 - 242*j + 2431. Calculate m(49).
177
Let t(m) = -m**3 - 114*m**2 - 438*m + 552. Determine t(-110).
332
Let j(x) = 13339*x + 7950035. Determine j(-596).
-9
Let u(a) = a**3 + 174*a**2 - 12030*a - 117. Determine u(53).
-64
Let r(z) = -5*z**3 + 18*z**2 - 60*z - 8. Give r(4).
-280
Let u(v) = -7317*v - 115887. Determine u(-16).
1185
Let o(l) = 4922*l + 19729. Give o(-4).
41
Let t(w) = 23*w**3 - 572*w**2 - 182*w + 2640. Calculate t(25).
-35
Let w(x) = 4*x**3 - 382*x**2 - 213*x + 38272. Determine w(95).
-13
Let i(u) = 74*u + 218. What is i(-11)?
-596
Let g(i) = -362*i + 61214. Calculate g(169).
36
Let b(z) = -z**3 - 114*z**2 - 2879*z - 397. Determine b(-75).
-3847
Let d(p) = -10854*p + 781455. Calculate d(72).
-33
Let z(o) = 10533*o + 305742. What is z(-29)?
285
Let x(y) = -y**2 - 1289*y - 53557. What is x(-43)?
21
Let s(z) = z**3 + 30*z**2 + 121*z + 3. Determine s(-4).
-65
Let t(x) = -268519*x + 1342536. What is t(5)?
-59
Let d(i) = 252*i**2 + 1006*i. Give d(-4).
8
Let o(c) = -2689*c - 13107. What is o(-5)?
338
Let s(f) = 20*f**2 + 747*f + 750. What is s(-1)?
23
Let v(m) = -137*m - 3335. What is v(-23)?
-184
Let o(n) = 8*n**2 + 3390*n + 87918. Give o(-396).
6
Let y(a) = a**3 - 9*a**2 - 338*a - 1132. Calculate y(-4).
12
Let i(m) = -m**2 + 95*m - 1189. Calculate i(56).
995
Let w(d) = d**3 + 229*d**2 - 2878*d + 3483. Calculate w(-241).
109
Let u(f) = -6230*f + 49850. Calculate u(8).
10
Let g(s) = -s**3 - 3*s**2 + 3220*s + 16068. Calculate g(-5).
18
Let w(g) = 80*g**2 + 1031*g + 2. Give w(-13).
119
Let y(j) = -233*j - 13897. Give y(-59).
-150
Let o(k) = k**3 + 171*k**2 + 289*k - 7897. Determine o(-169).
384
Let g(z) = 6073*z - 139. Determine g(0).
-139
Let p(b) = 283728*b - 2269838. Give p(8).
-14
Let s(y) = 3*y**2 + 271*y - 4265. What is s(-104)?
-1
Let o(x) = -128*x + 31089. Give o(243).
-15
Let j(z) = -213*z**2 + 16102*z - 9535. What is j(75)?
-10
Let l(v) = -59*v + 2780. Calculate l(40).
420
Let f(i) = -85*i + 8896. Determine f(107).
-199
Let o(n) = 18*n**3 + 397*n**2 + 859*n + 18416. Calculate o(-22).
2
Let w(u) = u**3 + 140*u**2 + 2867*u - 530. Give w(-115).
390
Let j(t) = -t**3 - 128*t**2 + 260*t + 16905. Give j(-129).
6
Let n(m) = -2*m**2 - 102*m - 669. Calculate n(-23).
619
Let v(c) = c**2 + 15703*c + 1031952. Determine v(-66).
-90
Let p(s) = 4*s**2 + 21839*s + 1423990. What is p(-66)?
40
Let m(r) = r**3 + 148*r**2 + 983*r - 480. Determine m(-141).
84
Let d(l) = -l**2 + 88*l + 6289. Determine d(135).
-56
Let k(n) = n**3 - 187*n**2 - 208*n + 4036. Give k(188).
276
Let p(u) = -u**3 - u**2 - 2201*u + 6623. Calculate p(3).
-16
Let y(r) = -8509*r - 10670296. Calculate y(-1254).
-10
Let a(u) = -9497*u - 835589. Determine a(-88).
147
Let y(z) = -z**2 - 346*z - 12450. Calculate y(-305).
55
Let j(t) = t**2 + 21*t + 176. Give j(-48).
1472
Let q(a) = -276*a**2 - 2042*a + 935. Calculate q(-8).
-393
Let z(y) = 99*y**2 + 27*y + 42. What is z(-1)?
114
Let g(j) = 6924*j - 1343252. Calculate g(194).
4
Let g(p) = 3261*p + 172785. Calculate g(-53).
-48
Let o(u) = -2*u**2 - 57*u - 498. What is o(-13)?
-95
Let y(h) = -510*h + 22. Calculate y(1).
-488
Let i(g) = g**3 + 28*g**2 + 93*g + 218. Give i(-29).
-3320
Let d(i) = i**2 - 23*i - 753. Give d(-17).
-73
Let o(f) = 125698*f - 4148027. Calculate o(33).
7
Let v(f) = 2*f**3 - 59*f**2 - 92*f + 105. Calculate v(31).
136
Let k(g) = 81*g**3 - 1136*g**2 + 23*g + 13. Determine k(14).
-57
Let p(n) = -3*n**2 + 13*n + 1025. What is p(26)?
-665
Let r(o) = -o**2 - 243*o - 2979. Give r(-229).
227
Let c(t) = 826*t - 24738. Determine c(31).
868
Let i(c) = -27*c**2 - 288*c - 1345. Give i(-6).
-589
Let n(g) = 2*g**3 - 278*g**2 + 530*g + 2286. What is n(137)?
-180
Let s(v) = v**3 + 3*v**2 + 199*v + 1214. What is s(-6)?
-88
Let n(x) = 27*x**2 + 17108*x - 23503. Determine n(-635).
-8
Let a(u) = -10620*u + 223015. Determine a(21).
-5
Let a(n) = 482*n - 4931. What is a(10)?
-111
Let g(z) = 7552*z - 996867. Calculate g(132).
-3
Let o(i) = 18*i**2 - 399*i - 255. Determine o(23).
90
Let d(w) = w**3 - 158*w**2 + 3349*w - 100. What is d(25)?
500
Let l(a) = -5927*a + 3953309. Give l(667).
0
Let a(s) = -22289*s - 44570. Determine a(-2).
8
Let j(w) = 24*w**3 - 23*w**2 + 20*w - 45. What is j(2)?
95
Let q(v) = -v**3 - 214*v**2 + 1117*v + 193944. What is q(-215)?
14
Let l(t) = t**2 - 128*t - 2958. Determine l(-20).
2
Let i(g) = -g**3 - 1371*g**2 + 5978*g + 657239. Calculate i(-1375).
-11
Let s(v) = -2*v**2 - 57*v + 3004. What is s(27)?
7
Let d(g) = 755*g - 21744. Give d(29).
151
Let o(u) = -9*u**2 - 2823*u + 8561. Give o(3).
11
Let b(x) = x**3 + 17*x**2 + 32*x + 109. What is b(-11)?
483
Let k(a) = -18*a**2 + 3280*a + 19639. What is k(-6)?
-689
Let d(n) = n**3 - 75*n**2 - 321*n + 6875. Calculate d(78).
89
Let p(w) = w**3 - 3*w**2 - 160*w + 127. Give p(-11).
193
Let p(r) = 148*r**2 - 22047*r - 762. Determine p(149).
-17
Let i(q) = 16*q**2 + 218*q - 238. Calculate i(-18).
1022
Let q(o) = 2*o**2 - 432*o - 21489. Determine q(258).
183
Let m(d) = 3059*d - 767795. Determine m(251).
14
Let i(p) = 12973*p + 882171. What is i(-68)?
7
Let k(c) = -223491*c + 1340929. What is k(6)?
-17
Let w(f) = -15*f**3 + 9163*f**2 + 1221*f + 619. Give w(611).
8
Let o(z) = z**3 - 9*z**2 + 23*z + 44. Calculate o(-2).
-46
Let f(y) = 70*y**2 - 149*y - 1724. What is f(-4)?
-8
Let m(f) = -3*f**3 - 14*f**2 + 15*f + 34. Give m(-3).
-56
Let j(c) = -11*c**2 - 2073*c + 16299. Give j(-196).
31
Let p(z) = -4801*z + 38367. What is p(8)?
-41
Let t(a) = 5*a**2 + 1015*a - 5208. Determine t(5).
-8
Let m(g) = -1429*g + 6260. What is m(3)?
1973
Let q(b) = -b**2 - 316*b + 290827. Determine q(-720).
-53
Let z(x) = 105974*x - 317978. Give z(3).
-56
Let n(q) = -467*q**2 - 8004*q + 13. Determine n(-17).
1118
Let h(d) = d**3 - 110*d**2 - 2614*d + 1805. Give h(130).
-15
Let h(k) = 62*k + 6721. Determine h(-116).
-471
Let s(v) = 983*v + 8251. What is s(-8)?
387
Let b(s) = -s**3 - 40*s**2 + 103*s - 9. Give b(-43).
1109
Let g(w) = -190*w + 2423. Give g(14).
-237
Let h(k) = -k**3 - 31*k**2 - 354*k - 3466. Determine h(-22).
-34
Let k(y) = -14879*y + 119045. What is k(8)?
13
Let n(z) = 3207*z + 73548. Determine n(-23).
-213
Let h(g) = -34*g**2 - 1364*g - 3915. Determine h(-37).
7
Let n(o) = 1607*o +